 multiple of 19?
False
Is 258230 a multiple of 14?
True
Is 289935 a multiple of 255?
True
Is 62 a factor of 62071?
False
Does 380 divide 1609683?
False
Does 54 divide 2502430?
False
Does 57 divide 139194?
True
Is 164668 a multiple of 113?
False
Does 20 divide 457936?
False
Does 163 divide 64961?
False
Is 693 a factor of 185392?
False
Is 2 a factor of 232795?
False
Does 8 divide 455120?
True
Is 126 a factor of 589050?
True
Does 20 divide 23540?
True
Does 105 divide 441372?
False
Does 33 divide 830610?
True
Is 378243 a multiple of 8?
False
Is 5809824 a multiple of 18?
True
Is 13735 a multiple of 30?
False
Does 14 divide 411279?
False
Is 29 a factor of 117311?
False
Is 165 a factor of 346879?
False
Does 46 divide 4302567?
False
Does 2 divide 49828?
True
Is 4281910 a multiple of 204?
False
Does 1057 divide 73990?
True
Is 34720 a multiple of 32?
True
Does 278 divide 384512?
False
Is 23699 a multiple of 7?
False
Is 238 a factor of 3012842?
True
Does 11 divide 76606?
False
Is 82 a factor of 319636?
True
Is 741 a factor of 2365272?
True
Does 936 divide 1552824?
True
Does 36 divide 4583788?
False
Is 1695608 a multiple of 21?
False
Is 635076 a multiple of 708?
True
Is 22 a factor of 13375088?
False
Does 24 divide 251042?
False
Is 345558 a multiple of 120?
False
Does 3 divide 96858?
True
Is 7609500 a multiple of 90?
True
Does 5 divide 518572?
False
Is 3002495 a multiple of 5?
True
Is 182013 a multiple of 41?
False
Does 6 divide 10419?
False
Does 60 divide 40706?
False
Is 12 a factor of 249619?
False
Does 27 divide 297248?
False
Is 344319 even?
False
Is 4 a factor of 104766?
False
Is 92 a factor of 1196988?
False
Does 8 divide 343848?
True
Is 16 a factor of 868768?
True
Does 43 divide 3398806?
True
Does 574 divide 3943561?
False
Is 775 even?
False
Is 331188 a multiple of 52?
True
Is 40 a factor of 2105400?
True
Is 13 a factor of 741286?
True
Is 12308542 a multiple of 437?
True
Does 200 divide 749201?
False
Is 137 a factor of 351077?
False
Does 37 divide 245014?
True
Does 18 divide 5989932?
True
Is 5 a factor of 32027?
False
Is 28 a factor of 1420398?
False
Is 1083032 a multiple of 66?
False
Is 8461077 a multiple of 90?
False
Is 15 a factor of 3951031?
False
Does 257 divide 310713?
True
Is 338624 a multiple of 148?
True
Is 60918 a multiple of 71?
True
Is 5360688 a multiple of 54?
True
Does 9 divide 14859?
True
Does 138 divide 2109749?
False
Is 9 a factor of 468424?
False
Is 11 a factor of 482713?
True
Is 27464 a multiple of 5?
False
Does 31 divide 54250?
True
Is 1763508 a multiple of 131?
False
Does 22 divide 427394?
True
Is 6 a factor of 266304?
True
Is 26 a factor of 1450299?
False
Does 15 divide 43081?
False
Does 657 divide 995355?
True
Does 72 divide 65018?
False
Is 346024 a multiple of 296?
True
Does 23 divide 601404?
True
Is 404321 a multiple of 72?
False
Is 69 a factor of 543282?
False
Is 9 a factor of 626211?
True
Is 32 a factor of 237456?
False
Is 10871511 a multiple of 1457?
False
Does 605 divide 24707595?
True
Does 7 divide 3642398?
False
Is 12 a factor of 1045380?
True
Is 38226 a multiple of 3?
True
Is 1780020 a multiple of 465?
True
Is 196 a factor of 237160?
True
Is 9 a factor of 150125?
False
Is 1421226 a multiple of 93?
True
Is 8263185 a multiple of 13?
False
Is 16747 a multiple of 29?
False
Is 316064 a multiple of 136?
True
Does 8 divide 3021205?
False
Does 22 divide 44308?
True
Is 218910 a multiple of 10?
True
Does 3 divide 76900?
False
Is 105 a factor of 1232595?
True
Is 471852 a multiple of 22?
False
Does 916 divide 526859?
False
Does 28 divide 7726938?
False
Is 181647 a multiple of 537?
False
Does 60 divide 266220?
True
Does 51 divide 119034?
True
Does 3 divide 457?
False
Does 262 divide 309283?
False
Does 89 divide 126202?
True
Does 15 divide 40263?
False
Is 11 a factor of 225522?
True
Is 258 a factor of 690465?
False
Is 50 a factor of 2685150?
True
Is 3 a factor of 34479?
True
Is 321938 a multiple of 5?
False
Does 519 divide 60204?
True
Is 7936565 a multiple of 91?
True
Is 52 a factor of 2008500?
True
Is 24 a factor of 12001?
False
Is 1552914 a multiple of 22?
True
Is 85315 a multiple of 113?
True
Is 43 a factor of 1115033?
True
Is 170 a factor of 2878269?
False
Does 9 divide 1010162?
False
Does 188 divide 29905933?
False
Does 16 divide 254598?
False
Does 834 divide 9244056?
True
Is 14394268 a multiple of 14?
True
Does 15 divide 125025?
True
Is 1624 a factor of 8891400?
True
Is 142 a factor of 114651?
False
Is 34220 a multiple of 4?
True
Is 44186 a multiple of 446?
False
Is 2910230 a multiple of 170?
True
Does 5 divide 94769?
False
Does 4 divide 2217053?
False
Is 4 a factor of 262326?
False
Is 14 a factor of 126400?
False
Is 81 a factor of 81810?
True
Does 165 divide 6270?
True
Is 588329 a multiple of 14?
False
Is 276250 a multiple of 62?
False
Is 172 a factor of 44207?
False
Is 473 a factor of 31469?
False
Is 128 a factor of 390036?
False
Is 51 a factor of 130611?
True
Does 544 divide 505376?
True
Is 137958 a multiple of 370?
False
Is 1186118 a multiple of 109?
False
Is 1114 a factor of 753207?
False
Does 17 divide 310652?
False
Is 1713828 a multiple of 10?
False
Is 90 a factor of 5067710?
False
Is 42 a factor of 676280?
False
Does 3 divide 132921?
True
Is 8585858 a multiple of 6?
False
Does 78 divide 4615914?
False
Is 138618 a multiple of 153?
True
Does 147 divide 18726183?
True
Is 11168696 a multiple of 22?
True
Is 5657882 a multiple of 3?
False
Does 94 divide 538084?
False
Is 543569 a multiple of 530?
False
Is 7 a factor of 8449?
True
Does 349 divide 16401186?
False
Is 152265 a multiple of 15?
True
Is 811 a factor of 2269989?
True
Is 4981 a multiple of 11?
False
Is 8422 a multiple of 8?
False
Is 112644 a multiple of 7?
True
Is 12 a factor of 149074?
False
Is 257 a factor of 128620?
False
Is 61 a factor of 258030?
True
Does 146 divide 407762?
False
Does 161 divide 448341?
False
Is 86026 a multiple of 80?
False
Is 4453020 a multiple of 90?
True
Is 3222162 a multiple of 904?
False
Is 158 a factor of 39658?
True
Is 26 a factor of 20054?
False
Is 132012 even?
True
Is 57042 a multiple of 13?
False
Is 239121 a multiple of 200?
False
Is 93681 a multiple of 21?
True
Does 18 divide 46592?
False
Is 21 a factor of 904470?
True
Is 15 a factor of 17280?
True
Is 96624 a multiple of 72?
True
Does 7 divide 3597498?
False
Does 697 divide 3238390?
False
Is 65 a factor of 160142?
False
Is 1515375 a multiple of 60?
False
Does 18 divide 354561?
False
Is 1667073 a multiple of 31?
False
Is 453894 a multiple of 202?
True
Is 1323 a factor of 709128?
True
Is 2956993 a multiple of 3?
False
Does 48 divide 39175?
False
Is 4698048 a multiple of 902?
False
Does 88 divide 566280?
True
Is 356 a factor of 77964?
True
Is 75300 a multiple of 60?
True
Does 367 divide 514534?
True
Is 148 a factor of 12305460?
True
Is 199 a factor of 4407948?
False
Is 908 a factor of 6721016?
True
Does 42 divide 122535?
False
Is 197 a factor of 366993?
False
Is 87761 a multiple of 4?
False
Is 58 a factor of 168374?
True
Is 2400993 a multiple of 21?
True
Is 91 a factor of 4345796?
True
Does 41 divide 3715830?
True
Does 1680 divide 1975396?
False
Is 100860 a multiple of 205?
True
Is 973840 a multiple of 5?
True
Is 1039 a factor of 3087374?
False
Does 103 divide 12808874?
True
Is 16 a factor of 19560207?
False
Is 51 a factor of 7947024?
True
Is 73896 a multiple of 12?
True
Does 97 divide 35002?
False
Is 693410 a multiple of 29?
False
Is 1083937 a multiple of 4?
False
Is 33 a factor of 320145?
False
Is 231117 a multiple of 396?
False
Does 486 divide 9137300?
False
Is 122 a factor of 683078?
True
Does 9 divide 83467?
False
Does 103 divide 690459?
False
Does 10 divide 2417229?
False
Is 168 a factor of 1361241?
False
Is 8 a factor of 120200?
True
Is 17 a factor of 1115901?
False
Does 44 divide 128272?
False
Is 2575615 a multiple of 4?
False
Is 85 a factor of 147334?
False
Does 47 divide 52076?
True
Is 47 a factor of 28905?
True
Is 9 a factor of 15589?
False
Is 242 a factor of 14218952?
True
Does 35 divide 99820?
True
Is 5 a factor of 20890?
True
Is 205590 a multiple of 3?
True
Is 91004 a multiple of 2?
True
Is 820017 a multiple of 3?
True
Is 18 a factor of 63746?
False
Is 32 a factor of 351552?
True
Is 1830846 a multiple of 27?
False
Is 94102 a multiple of 81?
False
Does 40 divide 164867